of 101441641?
7, 31, 467473
What are the prime factors of 3584260442?
2, 7, 43, 5953921
What are the prime factors of 543899384?
2, 7, 9712489
List the prime factors of 1017495420.
2, 3, 5, 16958257
List the prime factors of 482371614.
2, 3, 151, 177473
What are the prime factors of 964890186?
2, 3, 13, 19, 34267
What are the prime factors of 42581087?
4877, 8731
What are the prime factors of 679937730?
2, 3, 5, 23, 985417
What are the prime factors of 67663376?
2, 11, 107, 3593
List the prime factors of 39519010.
2, 5, 47, 1789
What are the prime factors of 41006928?
2, 3, 29, 89, 331
What are the prime factors of 165432935?
5, 103, 139, 2311
List the prime factors of 34007019.
3, 109, 103997
What are the prime factors of 5965625882?
2, 12197, 244553
List the prime factors of 229351380.
2, 3, 5, 3822523
What are the prime factors of 319191893?
29, 2113, 5209
What are the prime factors of 659372112?
2, 3, 7, 167, 3917
What are the prime factors of 742811678?
2, 7, 41, 199, 929
What are the prime factors of 51209653?
11, 661, 7043
List the prime factors of 261078320.
2, 5, 229, 14251
What are the prime factors of 743369863?
17, 31, 109, 12941
What are the prime factors of 87033222?
2, 3, 4835179
List the prime factors of 55642390.
2, 5, 199, 27961
What are the prime factors of 253888613?
11, 2098253
What are the prime factors of 1305150386?
2, 8803, 74131
What are the prime factors of 47701364?
2, 3121, 3821
What are the prime factors of 1142832624?
2, 3, 89, 267517
What are the prime factors of 3782445828?
2, 3, 7, 1459, 4409
What are the prime factors of 2293094019?
3, 229, 3337837
List the prime factors of 47243650.
2, 5, 944873
What are the prime factors of 44321096?
2, 5540137
What are the prime factors of 4443431061?
3, 1481143687
List the prime factors of 54356601.
3, 13, 43, 32413
What are the prime factors of 115361342?
2, 57680671
What are the prime factors of 1676289732?
2, 3, 13, 10745447
List the prime factors of 20218519.
109, 185491
What are the prime factors of 37783125?
3, 5, 2239
List the prime factors of 5838791624.
2, 729848953
What are the prime factors of 235616124?
2, 3, 17, 233, 4957
List the prime factors of 8804841641.
29, 37, 8205817
List the prime factors of 196845254.
2, 37, 2660071
List the prime factors of 47685819.
3, 547, 29059
List the prime factors of 819724571.
5653, 145007
List the prime factors of 1413220204.
2, 11, 433, 74177
List the prime factors of 1130639317.
1130639317
List the prime factors of 475387630.
2, 5, 613, 77551
What are the prime factors of 131172093?
3, 13, 607, 1847
What are the prime factors of 2391142505?
5, 478228501
What are the prime factors of 812783124?
2, 3, 17, 1328077
What are the prime factors of 54963312?
2, 3, 17, 193, 349
List the prime factors of 1240677435.
3, 5, 101, 197, 4157
List the prime factors of 114481030.
2, 5, 769, 14887
What are the prime factors of 46271284?
2, 11567821
What are the prime factors of 663666157?
7, 11, 8619041
What are the prime factors of 126488784?
2, 3, 1033, 2551
List the prime factors of 25146125.
5, 37, 5437
What are the prime factors of 190892072?
2, 7, 3408787
What are the prime factors of 155699853?
3, 6689, 7759
List the prime factors of 115968512.
2, 11, 59, 349
List the prime factors of 1131805257.
3, 11, 31, 89, 401
List the prime factors of 42620016.
2, 3, 317, 2801
List the prime factors of 467167640.
2, 5, 11679191
List the prime factors of 201944066.
2, 79, 103, 12409
What are the prime factors of 358800064?
2, 7, 29, 27617
List the prime factors of 624621371.
11, 19, 2988619
List the prime factors of 15541547.
7, 109, 20369
What are the prime factors of 139517497?
7, 139, 223, 643
What are the prime factors of 1147658698?
2, 12301, 46649
What are the prime factors of 82596757?
347, 238031
List the prime factors of 37979873.
37979873
What are the prime factors of 708241469?
13, 31, 379, 4637
List the prime factors of 345710697.
3, 367, 313997
What are the prime factors of 49556725?
5, 1982269
List the prime factors of 3684631.
17, 216743
What are the prime factors of 91805154?
2, 3, 7, 601, 3637
List the prime factors of 1562745928.
2, 195343241
List the prime factors of 5591757074.
2, 499, 743, 7541
What are the prime factors of 226347476?
2, 56586869
What are the prime factors of 135343788?
2, 3, 41, 239, 1151
What are the prime factors of 53935061?
53935061
List the prime factors of 32373418.
2, 7, 11, 59, 509
List the prime factors of 2390507601.
3, 53, 15034639
List the prime factors of 506033953.
103, 4912951
List the prime factors of 247575129.
3, 82525043
List the prime factors of 684984856.
2, 85623107
What are the prime factors of 407818424?
2, 13, 881, 4451
What are the prime factors of 566961962?
2, 7, 40497283
List the prime factors of 185986879.
13, 1951, 7333
List the prime factors of 1972950187.
13, 79, 229, 8389
List the prime factors of 2634797044.
2, 11, 113, 529927
List the prime factors of 3203467235.
5, 179, 197, 18169
What are the prime factors of 280446484?
2, 17, 4124213
What are the prime factors of 21641138?
2, 10820569
What are the prime factors of 545018613?
3, 199, 912929
What are the prime factors of 133246905?
3, 5, 11, 19, 2237
What are the prime factors of 5736520378?
2, 79, 36307091
What are the prime factors of 144305555?
5, 311, 92801
List the prime factors of 39440733.
3, 59, 443, 503
What are the prime factors of 1420935486?
2, 3, 1063, 222787
What are the prime factors of 130819627?
130819627
What are the prime factors of 46401556?
2, 11600389
What are the prime factors of 3473550620?
2, 5, 23, 31, 243587
List the prime factors of 187709863.
11, 2593, 6581
List the prime factors of 1024846010.
2, 5, 102484601
List the prime factors of 75946919.
75946919
List the prime factors of 4814894.
2, 7, 239, 1439
What are the prime factors of 5167655672?
2, 1061, 608819
What are the prime factors of 1079640127?
1079640127
List the prime factors of 302570238.
2, 3, 37, 1362929
What are the prime factors of 1694054851?
41, 61, 97, 6983
List the prime factors of 720650786.
2, 9733, 37021
List the prime factors of 5697068404.
2, 61, 1201, 19441
What are the prime factors of 47483808?
2, 3, 601, 823
What are the prime factors of 6361109680?
2, 5, 79513871
What are the prime factors of 2049637689?
3, 11, 766793
List the prime factors of 271046020.
2, 5, 7, 19, 31, 173
What are the prime factors of 83548022?
2, 1223, 34157
What are the prime factors of 65195786?
2, 193, 168901
What are the prime factors of 45858172?
2, 19, 41, 14717
List the prime factors of 19911089.
11, 173, 10463
What are the prime factors of 39743615?
5, 7948723
List the prime factors of 2728858205.
5, 2503, 218047
List the prime factors of 1254222006.
2, 3, 151, 1384351
What are the prime factors of 3549100348?
2, 31, 89, 321593
List the prime factors of 135081572.
2, 47, 61, 11779
What are the prime factors of 1803146164?
2, 47, 199, 48197
List the prime factors of 29479175.
5, 11, 107197
What are the prime factors of 6623220500?
2, 5, 13, 1018957
What are the prime factors of 2043232298?
2, 19, 53769271
List the prime factors of 131728229.
131, 359, 2801
What are the prime factors of 158657929?
389, 407861
What are the prime factors of 155030008?
2, 7, 31, 89303
List the prime factors of 77697124.
2, 19424281
List the prime factors of 313548771.
3, 41, 2549177
List the prime factors of 566417281.
79, 1657, 4327
List the prime factors of 2314766909.
7, 13, 3633857
What are the prime factors of 369235977?
3, 11, 1017179
List the prime factors of 1087350831.
3, 7, 5753179
List the prime factors of 5636210487.
3, 2069, 908041
List the prime factors of 100131416.
2, 7, 11, 53, 3067
What are the prime factors of 4955060170?
2, 5, 113, 4385009
What are the prime factors of 56215711?
56215711
What are the prime factors of 1721307392?
2, 7, 17, 56503
What are the prime factors of 436272598?
2, 17, 107, 119921
List the prime factors of 519123599.
149, 3484051
List the prime factors of 11953018.
2, 7, 11, 77617
List the prime factors of 57753023.
23, 2511001
List the prime factors of 1317235017.
3, 7, 62725477
List the prime factors of 12314589.
3, 7, 29, 73, 277
What are the prime factors of 44934277?
223, 201499
What are the prime factor